 = q - 14. Let d(a) = -1 + g + a - 2 + a. Calculate d(n).
-6
Let g(d) = d. Let y(c) be the third derivative of 0 + c**2 + 0*c - 7/24*c**4 + c**3. Let p(n) = -6*g(n) - y(n). Determine p(4).
-2
Let i(r) = 2*r**2 + 0 - 9*r - 15*r**3 + 11*r + 1. Determine i(-1).
16
Let x be (-5)/(-3) - (-3)/9. Suppose 4*w + v = 4*v + 4, 0 = w + x*v + 10. Let r(o) = 2*o**3 + 4*o**2 + 4*o + 3. Give r(w).
-5
Suppose 5*c + 22 = -5*x + 2, -3*x + 5*c - 4 = 0. Let b(q) = 2*q + q**2 - 7 + 5 + 3. Calculate b(x).
4
Let u(k) = -5*k**3 - 6*k**2 + 12*k + 7. Let i(w) = 4*w**3 + 6*w**2 - 11*w - 7. Let z(n) = -6*i(n) - 5*u(n). What is z(5)?
12
Let p(t) = t**2 + t - 1. Suppose -j = -4*j + 3. Let z be 4/(1/(3/(-6))). Let h = j + z. What is p(h)?
-1
Let a = -9 - -11. Let s(p) = 10*p**3 + 5*p - 2*p**2 + p**a + 1 - 5*p. Give s(-1).
-10
Suppose 3*t = -t - 120. Let u be (4/10)/(t/(-75)). Let i(a) be the second derivative of -a**3/3 + a**2/2 + a. Give i(u).
-1
Let y = 9 - 7. Suppose -3*i + y = -i. Let g(q) = -q + 2*q**3 + q**2 - 5*q**3 + 2*q**3. What is g(i)?
-1
Let v(p) = -p**2 + p - 1. Let a(x) = 7 - 12 + 2*x - 5*x**2 + 5. Let h(w) = -a(w) + 4*v(w). Give h(3).
11
Let q(z) = -z**3 - 6*z**2 - z - 5. Let j be q(-6). Let n = 1 + j. Suppose -5*p - 3 = n. Let l(y) = 6*y**3. What is l(p)?
-6
Let s(w) = -2 + 4*w**2 + 13*w**2 + w**3 - 10*w**2 - 6 + 6*w. Calculate s(-6).
-8
Let c(m) = 2*m**2 + 4*m + 3. Let l(u) = u**3 + 14*u**2 + 12*u - 15. Let r be l(-13). Let a be c(r). Let k(b) = 2*b - 4. What is k(a)?
2
Let g(o) = 2*o - 2. Let i be -1*(4 - 28/4). Suppose c + 15 = i*b + b, -5*b = -5*c. Give g(c).
8
Suppose -y + 4*m + 3 = -13, -y = -5*m - 21. Let o(n) = 1 + 3 - 2*n - 7 + 2. Calculate o(y).
7
Let q(l) = 5*l - 1. Let v be (-5 + 1)*(-11)/44. What is q(v)?
4
Let x(r) = r + 1. Let b(m) = 5*m + 7. Let n(f) = b(f) - 6*x(f). Let w(k) = 2*k - 1. Let h(v) = -4*n(v) - 3*w(v). Give h(-2).
3
Let p(r) = -4*r + 2. Let g(f) = f**3 - 3*f**2 - 2*f - 3. Let o be g(4). Suppose 1 = -3*l - o*z, 4*l + 8 = 3*z - 3. What is p(l)?
10
Let o(q) = -q**2 + 5*q + 4. Let f(r) = -r**2 + 4*r + 5. Suppose 3*a + 43 = 5*i + 7*a, 2*i - 3*a = 8. Let j = i - 3. Let w be f(j). Calculate o(w).
4
Let c(m) = -3*m**3 + 4*m**2 - 3. Let w(u) be the second derivative of -3*u**5/20 + u**4/4 - u**2 + 3*u. Let g(f) = 2*c(f) - 3*w(f). Give g(1).
2
Let o(u) be the first derivative of -u**4/6 - u**3/3 + u**2/2 - 2*u + 3. Let k(n) be the first derivative of o(n). Let a = -3 + 4. Calculate k(a).
-3
Suppose 2*q + 8 = 4. Let p(h) = -4*h - 2. Give p(q).
6
Let v(m) = -m. Let j(q) = -q - 7. Let d(b) = -j(b) + 2*v(b). Let f = -2 + 7. Determine d(f).
2
Let j(g) = g**2 + 4*g - 3. Let h be j(-5). Suppose -x + 53 = 5*c, 2*x - 4 - h = 0. Let o(n) = n**3 + c - 10. Calculate o(1).
1
Let w(u) = u**3 - 6*u**2 + 7*u - 6. Let f be (40/(-16))/((-1)/2). Calculate w(f).
4
Suppose 2*h = 1 + 1. Let m(n) = 1 - 2 + 11*n - 8*n. Calculate m(h).
2
Let j be (-1 - -3)/(-2) - -2. Let t be -5*((1 - 3) + j). Let l(k) = -6*k**2 + k + 5*k + t*k**2. Determine l(5).
5
Let v(x) = -5*x**3 - 16*x**2 + 17*x - 7. Let h(f) = -2 + 4*f + f**3 + f**3 - 4*f**2 - 3*f**3. Let p(a) = 9*h(a) - 2*v(a). Determine p(4).
4
Let r = -20 + 12. Let p(y) = y**2 + 6*y - 9. Determine p(r).
7
Suppose 2*i = -w - 6, 0 = -5*w + 3*i - 0*i + 22. Let h(k) = -w - k + k**2 - 2 - 2*k. Let m = 568 - 563. Calculate h(m).
6
Let v(y) = y - 3. Let i be v(1). Let j(m) = 2*m**2 + 4*m + 3. Give j(i).
3
Let c(u) = -u - 7. Let j be (-39)/7 + (4 - 217/49). What is c(j)?
-1
Let s(t) be the second derivative of 2/3*t**3 - 1/12*t**4 + 0 + 3*t - 5/2*t**2. Give s(4).
-5
Let y = -11 + 17. Suppose -4*p + 4*w - 16 = 0, y*w - 3*w - 12 = 2*p. Let g(k) = 15*k - 15. Let s(c) = 7*c - 7. Let r(m) = 6*g(m) - 13*s(m). Calculate r(p).
1
Let f(x) = -x**3 - 3*x**2 + 6*x + 5. Let a be ((-8)/(-10))/(4/10). Let s be -2*(18/(-4) + a). Let n = s + -9. Determine f(n).
-3
Let z(h) be the first derivative of -h**2 + 3*h + 11. Determine z(3).
-3
Let o(w) = -w**2 - 5*w - 4. Let m be ((1 - 0) + -4)/1. What is o(m)?
2
Let s(z) = 16*z**2 + 14*z + 20. Let u(n) = -3*n**2 - 3*n - 4. Let o(b) = 2*s(b) + 11*u(b). Give o(-3).
2
Suppose -4*b + 9 = 1. Let z(f) = -3*f**2 + 3*f. Calculate z(b).
-6
Suppose 0*q - 4 = 2*q. Let i = q + -1. Let k(n) = -n**3 - 2*n**2 + 2*n + 3. Determine k(i).
6
Suppose -4*z - z = 0. Let u(t) be the first derivative of -t**2/2 - 8*t + 13. Determine u(z).
-8
Let h(t) = -3*t - t**2 + 0 - 4*t + 2*t - 2. Determine h(-4).
2
Suppose -2 = 11*a - 12*a. Let c(m) be the second derivative of a*m**2 - 2*m + 1/3*m**3 + 0. Calculate c(-5).
-6
Let y = 12 - 8. Let l be 1/y*-5*4. Let s(o) = -o**2 - 5*o + 3. Calculate s(l).
3
Suppose 4*v = 5*v + 1. Let u(n) = -19*n**2 - 1. What is u(v)?
-20
Let r(b) = b**3 - 5*b**2 + b - 2. Let x = 12 + -7. What is r(x)?
3
Let y = -70 + 76. Let w(x) = 2*x**2 - 8*x - 4. Determine w(y).
20
Let b be (-3)/6 - (-3)/(-2). Let z(w) = 3*w + 4 - 3 - 11. Let h(u) = u - 3. Let o(c) = b*z(c) + 7*h(c). Determine o(-2).
-3
Let k(l) = l**3 - l**2 + 11. Suppose 5*g - 9 = 3*o + 2*g, -o - 2*g = -6. Determine k(o).
11
Let i(z) = z + 1. Let y(x) = 5. Let j(u) = 3*i(u) - y(u). Determine j(-4).
-14
Let k(x) = 20*x + 6. Let j(n) = 2*n + 1. Let z(l) = 5*j(l) - k(l). Calculate z(-1).
9
Let i(c) = -c**2 - 2*c + 3. Suppose 0 = -5*w - 3*v + 19, -2*w + 4*v - 13 = -5. Calculate i(w).
-5
Let r(n) be the first derivative of -n**3/3 - 4*n**2 - 10*n - 9. What is r(-7)?
-3
Let w(b) = 2*b - 6. Let m(o) = 2*o - 7. Let f(p) = 2*m(p) - 3*w(p). Give f(7).
-10
Let z be 68/20 + -3 + (-65)/(-25). Let t(i) be the second derivative of -z*i + 1/6*i**3 - 1/2*i**2 - 1/2*i**4 + 0. Calculate t(1).
-6
Let p(s) be the first derivative of -s**2/2 - s + 4. What is p(4)?
-5
Suppose -k - 10 = -3*k. Let r(g) be the first derivative of -g**5/60 + g**4/4 - g**3/6 + g**2/2 - 3. Let b(a) be the second derivative of r(a). Calculate b(k).
4
Let w = 17 - 12. Let p(t) = 4 + 0*t - 4*t + 3*t. Calculate p(w).
-1
Let u(x) be the second derivative of x**3/6 - 7*x**2/2 + 4*x. Let l be (-126)/(-33) + (-2)/(-11). Suppose z + l*z = 0. Determine u(z).
-7
Let z(n) = -2*n**2 - 5*n. Let p(m) = -4*m**2 - 9*m. Let r(g) = -6*p(g) + 11*z(g). Let f be r(-1). Let u(i) = -4*i - 4. Give u(f).
-16
Suppose h - 11 = -2*i, -5*i = -5*h + h - 8. Let c(y) = -3 + 0*y**2 - 4*y**2 - y**h - 1. Let j(q) = -4*q**2 - q - 1. Let m be j(-1). What is c(m)?
-4
Let o(b) = -b + 5. Let y(g) = -3*g + 14. Let r(p) = 7*o(p) - 2*y(p). What is r(6)?
1
Let g = 4 + 0. Suppose -d = 3*w - 14, 3*d - g + 27 = 4*w. Suppose 0 = -4*k - w*f + 37, -2*f = 3*k - 0*k - 19. Let u(b) = b**2 - 3*b - 2. Determine u(k).
-2
Let s(t) be the third derivative of -t**5/60 + t**4/3 - t**3/2 - 4*t**2 + t. Calculate s(7).
4
Let s = 10 + -15. Let i(j) = j**3 - j**2 - j. Let f(k) = -4*k**3 + 11*k**2 + 9*k - 1. Let l(d) = f(d) + 5*i(d). Give l(s).
4
Let n(v) = 2*v - 4. Suppose a - 8 = 2*q, -4*a + 2 = -3*a. Let y be 5 - (0 + 0/q). Determine n(y).
6
Let h(c) be the second derivative of -3*c**3/2 + c**2/2 - 4*c. Give h(1).
-8
Let m(u) be the first derivative of 2 - 2*u + 2*u**2 + 0 + 6*u - 3*u. Let s be m(-1). Let i(n) = n**3 + 5*n**2 + 5*n + 2. Calculate i(s).
5
Suppose -b + 0*b = 4. Let o = b + 9. Let i(g) = -4*g - g**2 + o*g - g**2 - 1. Give i(1).
-2
Let q(j) = -j + 4*j - 2*j. Determine q(-6).
-6
Let n(h) = h - 1 + 2*h - 2*h. Let x be 116/(-14) + 2/7. Let y = -4 - x. Give n(y).
3
Let k(p) be the first derivative of 0*p**2 + 3/4*p**4 + 3 + 1/3*p**3 - p. Let d(s) = s**2 + 7*s + 1. Let r be d(-7). Calculate k(r).
3
Suppose 97 = u + 98. Let v(i) = 6*i + 1. Calculate v(u).
-5
Let a(t) = -t - 8. Suppose -34 = 3*u + 4*w - 8, 2*u + 8 = 2*w. What is a(u)?
-2
Let h(j) = -j**3 + 4*j**2 + 4*j + 6. Let d be h(5). Suppose 10 = -0*m + 5*m. Let b(v) = -2 - 3*v**2 - 3*v + m*v - 2 + 5. Determine b(d).
-3
Let c(z) = z**2 - z. Let u(v) = -v - 2. Suppose 0 = 3*h + 12. Let k be u(h). Let s be c(k). Let m(i) = -3*i**2 + 2*i + 2. What is m(s)?
-6
Let i(t) = -t - 11. Let c(k) = k**2 + 7*k - 6. Let u be c(-7). What is i(u)?
-5
Let k(i) = -i**2 - 7*i - 2. Let r = 13 - 8. Let l = r - 9. What is k(l)?
10
Let k(n) = n**3 - 2 + 1 - 2*n + n**2 + 2*n. Let w(a) = a**3 + a**2 + a - 2. Let o(t) = 3*k(t) - 2*w(t). What is o(1)?
1
Let z(w) = w**3 + 19 - 23 - 2*w + w. What is z(0)?
-4
Let y(d) = d**